lculate the highest common divisor of h and 11.
1
Let y(r) = 31*r - 2. Let u be y(3). Let m = -36 + 72. Let k = -23 + m. Calculate the highest common divisor of u and k.
13
Suppose -209 = -3*d + 4*o, 0 = -3*d + 23*o - 28*o + 245. What is the greatest common factor of 405 and d?
15
Let c(w) = -w**3 - 30*w**2 - 9*w - 39. Let h be c(-30). What is the highest common factor of 42 and h?
21
Let s be (161 - 63/(-9))*(2 + -1). What is the greatest common divisor of s and 756?
84
Suppose 2*m + c - 165 = -0*c, 0 = -4*c + 4. Suppose -4*p + 168 = 4*i, 4*p = -i - 2*i + 127. What is the highest common factor of i and m?
41
Suppose -4*z - 80 = -4*n, 3*n - 4*z - 47 = 18. Suppose 3*g = 2*l - l - n, 3*l = 2*g + 24. What is the highest common factor of l and 3?
3
Suppose -528 = -14*s + 844. What is the highest common divisor of 7 and s?
7
Let y(z) = 2*z**3 - z**2 + 3*z - 2. Let j be y(1). Suppose -t + 5*o + 6 = 0, 4*t - j*o - 31 = t. Calculate the greatest common factor of 22 and t.
11
Let y = -1096 - -1546. What is the greatest common divisor of y and 50?
50
Suppose 3*r + 4*a = 5*r + 10, 2*a + 1 = 3*r. Let t be 18/(-4)*(-188)/423. Calculate the greatest common factor of t and r.
1
Suppose 4*d + 5*d - 810 = 0. What is the highest common divisor of d and 510?
30
Suppose u - 5*a = -2*u + 31, 3*u = -2*a + 38. Suppose 86 = 5*s - 34. Suppose d = s - 18. Calculate the highest common factor of d and u.
6
Suppose -29*p + 225 = -210. What is the greatest common factor of 10 and p?
5
Let f be (-1 - 0) + (-5 - -1). Let t(z) = -z**3 - 3*z**2 + 2*z + 6. Let i be t(f). Let c = 30 + 85. Calculate the greatest common factor of c and i.
23
Let b be 120/15*(-33)/(-2). What is the highest common factor of 88 and b?
44
Let f(x) = -2*x - 4. Let c be f(5). Let a = -3 - c. Let q = 12 - a. Calculate the greatest common factor of 11 and q.
1
Suppose 0 = 2*s - 180 - 200. Let k be s/6 + 1/3. Let w be (3/2)/(75/400). What is the greatest common factor of k and w?
8
Suppose -17 = -8*p + 15. Suppose b + 6 = -2*t, 0 = b + b - p*t - 28. What is the highest common divisor of b and 28?
4
Let m = -19 - -27. Let v = 5 - m. Let i be (2/v)/((-14)/63). Calculate the highest common divisor of i and 3.
3
Let i(z) = -72*z**3 + z**2 - 1. Let s be i(-1). Let j be (3 - 10/4)*s. Let r = -9 + j. What is the greatest common divisor of r and 18?
9
Let w = 236 - 108. What is the highest common factor of w and 1408?
128
Let r be -66*(434/(-42) + 10). Let q = 51 + 4. Calculate the greatest common factor of q and r.
11
Let s = 12 - 20. Let q be ((-45)/36)/5 - 162/s. Suppose -2*h + 12 = 4*o, 2*o + 3*o - 5*h = 30. What is the highest common factor of o and q?
4
Suppose 6*t = 5*t + 27. Let k be t/(-3)*(-6)/18. Suppose -5*f = j - 6*j + 185, -5*j + 181 = -k*f. Calculate the greatest common divisor of 14 and j.
7
Let u(x) = 44*x**2 + 8*x + 6. Let y be u(-3). What is the highest common factor of y and 108?
54
Let m be 3 - (4296/(-20))/(4/10). Calculate the highest common divisor of m and 60.
60
Let d = 235 - 147. Suppose 0*w + 24 = 3*w. What is the greatest common factor of d and w?
8
Let n(s) = s**3 + 12*s**2 + 7*s - 42. Let x be n(-11). What is the greatest common divisor of x and 60?
2
Suppose 3*w - 67 - 203 = 0. Calculate the greatest common divisor of w and 10.
10
Suppose 1089 = 4*g + x, -3*x = -27*g + 28*g - 275. What is the highest common divisor of 48 and g?
16
Let z(h) = -3*h + 8. Let x be z(2). Let o(s) = 40*s - 8. Let v be o(x). Calculate the greatest common factor of v and 48.
24
Let j(c) = c**2 - c + 1. Let a = -16 + 6. Let d be j(a). Suppose 0*t = -3*t + 15, 3*t - d = -2*i. Calculate the highest common factor of i and 32.
16
Let t(j) = 21*j. Let n be t(5). Suppose -346 - 674 = -36*r + 492. What is the greatest common factor of r and n?
21
Let i(b) = -16*b - 58. Let g be i(-7). Calculate the greatest common factor of g and 117.
9
Suppose 0 = -3*m - 5*q - 171, 7*m - 2*m + q + 263 = 0. Let b = m - -100. Calculate the highest common divisor of b and 6.
6
Let q(c) = -2*c**2 - 25*c - 28. Let m be q(-11). Let i(l) = 1 + 1 + 7*l + 3 + l**2. Let t be i(-7). What is the highest common divisor of m and t?
5
Let z(d) = 20*d + 61. Let k be z(8). Calculate the greatest common factor of k and 13.
13
Let f be -1 + -8*(-1 - -5). Let k be f/(-6)*(5 - 3). Calculate the greatest common factor of k and 33.
11
Let k = -42 + 60. Suppose 4*u = 3*c + c, -4*u + 8 = 0. Calculate the highest common factor of c and k.
2
Let p = -344 - -432. Calculate the greatest common factor of p and 220.
44
Suppose 0*d = 2*d. Suppose 12 = 3*f - d*f. Let l = -67 - -95. What is the greatest common factor of l and f?
4
Suppose 4*f = 22 + 18. Let a be ((-6)/f)/((-3)/45). Suppose a = n + 4. What is the greatest common factor of n and 55?
5
Let f = -186 + 384. Let j(g) = -2*g - 14. Let u be j(-6). Let a be (243/(-27))/(-1*u/(-4)). What is the highest common factor of a and f?
18
Let x = 3 - -2. Suppose 2*w - t - 24 = -x*t, w - 17 = -3*t. Let k be 31 - 2/(w/3). What is the greatest common factor of 28 and k?
28
Suppose 3*x - 4*n - 11 = -80, 4*x - 2*n = -92. Let a = 20 + x. Let z be ((-30)/(-35))/(a/(-14)). What is the highest common divisor of z and 1?
1
Suppose 0 = -2*g - 5*h + 1, -3*h = 5*g - 23 - 8. Calculate the highest common factor of 4 and g.
4
Suppose -5*w = 4*r - 18, -4*w - 2*r = -0*r - 12. Suppose -3*u + 2*u + 40 = 0. Suppose -2*k = w*k - u. Calculate the greatest common factor of 20 and k.
10
Let q(k) = -17*k + 13. Let n be q(-4). Suppose n*y - 40 = 77*y. What is the highest common divisor of 5 and y?
5
Let b be 1/(-5) - ((-3784)/(-10))/(-2). Let d(y) = y**2 - y - 3. Let k be d(6). Calculate the highest common factor of k and b.
27
Let k be (-156)/(-9) - (-2)/3. Let f be ((-2)/(-3))/(k/405). Suppose 4*v = 5*v - 30. What is the highest common divisor of f and v?
15
Let r be 20/3*3/2. Suppose -2*x + 6 = 3*i - 2, -3*x + 3*i + 27 = 0. Let g(p) = 12*p - 4. Let m be g(x). What is the highest common divisor of r and m?
10
Suppose 0 = 11*k + 195 - 283. Calculate the highest common divisor of 32 and k.
8
Suppose -360*k + 16 = -344*k. What is the highest common factor of 71 and k?
1
Suppose 2*k + 666 = 4*v, 15*v - 13*v - 5*k = 313. Calculate the highest common factor of 39 and v.
13
Let m be 9*(-35)/5 + (0 - 0). Let r = m + 72. Calculate the greatest common divisor of r and 9.
9
Suppose -r = 15 - 3. Let h = r + 33. Suppose h = -5*i + 101. What is the highest common divisor of i and 40?
8
Suppose 0 = -29*z + 31*z - 154. Calculate the highest common divisor of z and 7.
7
Let q(t) = -52*t**3 + 3*t**2 + t - 2. Let m be q(-1). Calculate the highest common factor of 325 and m.
13
Suppose 2*b = 10*b - 144. Let d be 15/(0 - (-2)/36). Suppose 9*z - 4*z = d. What is the highest common divisor of b and z?
18
Suppose -82 = -8*d + 6. Calculate the greatest common divisor of d and 77.
11
Let q = -191 - -201. What is the highest common factor of q and 4?
2
Let a = 2772 + -1747. What is the greatest common factor of 41 and a?
41
Let a(n) = -4 + 325*n - 320*n + 1. Let l(y) = -y**3 + 5*y**2 + 7*y - 4. Let q be l(6). Let d be a(q). What is the highest common divisor of d and 70?
7
Let z(p) = p**3 + 11*p**2 - 4*p + 24. Let q be z(-11). What is the greatest common divisor of 170 and q?
34
Suppose 41*u = 39*u + 29 + 11. Let d = -4 + 9. Calculate the highest common factor of u and d.
5
Let o = -3 + 4. Let h(g) = 2*g - 40. Let k be h(24). Calculate the greatest common factor of o and k.
1
Suppose 0 = 3*q - h - 660, -q + 103 = 2*h - 117. Let p be q/80*1*4. What is the greatest common divisor of 22 and p?
11
Let f be (5 - 7) + (-2 - -67). Calculate the greatest common divisor of f and 9.
9
Let y be ((-9)/6 + 28/(-24))*-30. What is the highest common factor of 20 and y?
20
Suppose 1009*f + 3773 = 1016*f. Calculate the highest common divisor of 49 and f.
49
Let o(u) = 0*u + 2*u - 3*u. Let b be o(3). Let x(s) = -s**2 - 7*s - 4. Let h be x(b). Calculate the highest common factor of 8 and h.
8
Let n = -3 + 2. Let t(y) = 30*y**2 + y. Let m be t(n). Suppose 0 = 4*s - 27 - m. What is the highest common divisor of 28 and s?
14
Let i(r) = 30*r - 9. Let p be i(3). Let o be ((-1)/3)/((-9)/p). Let k be 285/(-10)*(-2)/o. Calculate the highest common factor of k and 171.
19
Suppose -3*b - 1